 remainder when u(-7) is divided by 22?
19
Let h = 24 - 34. Let d = 26 + h. Suppose -d - 8 = -4*c. Calculate the remainder when 15 is divided by c.
3
Suppose 3*q = 167 + 64. What is the remainder when (-1 + q/(-4))*40/(-15) is divided by 14?
12
Suppose 4*k + 260 = 4*b + 3*k, -54 = -b + 3*k. Let t = -53 - -67. What is the remainder when b is divided by t?
10
Suppose 5*t = -15, -x + 1 = 4*t + 6. Calculate the remainder when 5 - (10/2)/(-7 - -6) is divided by x.
3
Let b = 362 - 327. Calculate the remainder when b is divided by 25.
10
Let z = 2 + 12. Let b(d) = -11 - z - 7*d + 17 - 7. Calculate the remainder when b(-8) is divided by 11.
8
Let i be (2/3)/((-2)/9). Let d = 6 + i. Suppose d*b - 2*m = m + 39, -4*b = 3*m - 38. What is the remainder when 43 is divided by b?
10
Suppose -1070 = -2*v + 358. What is the remainder when v is divided by 90?
84
Suppose 21 + 67 = 2*j. What is the remainder when 150 is divided by j?
18
What is the remainder when (4 - 5)/2*-52 is divided by 15?
11
Let b = -16 - 5. Let d = 15 + b. What is the remainder when 43 is divided by d/12 - (-46)/4?
10
Suppose -l + 67 = -2*z, -5*l + 35 = 4*z - 258. Calculate the remainder when 237 is divided by l.
54
Let m be 3*(33/9 - 4). Calculate the remainder when 37 is divided by ((-4)/10)/(m/50).
17
Suppose b + 54 = 4*b. Suppose 2*i = -4*q + 22, 3*i - q - 13 = 3*q. What is the remainder when b is divided by (-4)/(-2) + 2 + i + -1?
8
Suppose 49*i - 4*a = 46*i + 439, 0 = 2*i + a - 278. Suppose 3*s + 32 = 5*s. What is the remainder when i is divided by s?
13
Suppose 5*z + 2*w - 209 = -41, 3*z = -4*w + 98. Calculate the remainder when 267 is divided by z.
29
Let f(w) = -w**3 - 10*w**2 - 11*w + 13. What is the remainder when f(-9) is divided by 10?
1
Let g be -3 + (-3 - -4) - -7. Suppose 4*v - 2*x - 171 = x, -3*x = g*v - 180. Calculate the remainder when v is divided by 2 + -4 - 3*-4.
9
Let o(m) = 13*m**2 - m - 5. What is the remainder when o(3) is divided by 28?
25
Let u(l) = l**2 + 3*l - 164. Calculate the remainder when u(14) is divided by 28.
18
Suppose -2*l - z + 618 + 519 = 0, 0 = 5*l + 3*z - 2844. What is the remainder when l is divided by 15?
12
Let z = 58 - 41. What is the remainder when ((-6)/(-4))/((-72)/(-3744)) is divided by z?
10
Suppose -7*b = -0*b - 2436. What is the remainder when b is divided by 7?
5
Let d be (-1 - 3/(-9))*(-305 + -1). Suppose -b = -5*x + d, b = x + 4*b - 44. What is the remainder when 120 is divided by x?
38
Calculate the remainder when 4/40 - 3913/(-70) is divided by 6.
2
Calculate the remainder when -4*((-322)/8 - 2) + 7 is divided by 21.
8
Let m = 54 - 31. Calculate the remainder when m is divided by (5/(-1) - -6)*5.
3
Calculate the remainder when 32 + (6 - (1 - -7)) is divided by 12.
6
Let m(v) = v - 8. Let d be m(2). Let f(g) = -6*g + 1. Calculate the remainder when f(d) is divided by 8.
5
Suppose 5*z = q + 24, -3*z - 2*q - 12 = -4*z. Suppose 5*c - 60 = r + z*r, 5*r = 4*c - 51. Suppose -c = s - 36. What is the remainder when s is divided by 10?
7
Let v(y) = -2*y**2 + 12*y. Let i be 10*-2*(-1)/4. What is the remainder when 69 is divided by v(i)?
9
Suppose 0 = -w - 2*w + 3, -3*w + 551 = -2*b. Calculate the remainder when 3 - 6 - b/2 is divided by 34.
32
Let q = -102 + 189. Let w = q - 85. What is the remainder when 5 is divided by w?
1
Calculate the remainder when 16/(-152) + -90*(-164)/152 is divided by 54.
43
Suppose 6*a - k - 43 = 5*a, 5*a - 208 = -2*k. What is the remainder when 153 is divided by a?
27
Let p(w) = -5 - 60*w**2 + 54*w**2 - 6 + 13*w - w**3. Calculate the remainder when 25 is divided by p(-8).
12
Suppose -9 = -4*u + 59. Calculate the remainder when 48 is divided by u*(4 + 1)/5.
14
Suppose -70 = -5*j + r, -23 = -4*j + 3*j + 2*r. What is the remainder when 257 is divided by j?
10
Let r(x) = -x**3 + 9*x**2 + 17*x - 8. What is the remainder when r(-5) is divided by 13?
10
Suppose -5*l = 13*l - 36. Calculate the remainder when l is divided by 1.
0
Suppose 21112 = 3*r + 49*r. What is the remainder when r is divided by 34?
32
Suppose 0 = 5*t - p - 41, -3*t + 0*t - 3*p = -39. Calculate the remainder when 106 is divided by t.
7
What is the remainder when 30 is divided by 5 - (7 - 1)*(-61)/183?
2
Let b(g) = -2*g**3 - 3*g**2 - g + 6. What is the remainder when 177 is divided by b(-3)?
33
Let k be 115/(-20) - 2/8. Calculate the remainder when 35 - (k/4)/(18/(-24)) is divided by 3 - 4 - -19*1.
15
Let o = 193 + -62. Calculate the remainder when o is divided by (-1)/14 + 2 + 478/28.
17
Let i(a) = -a**3 - 5*a**2 + 8*a. Let f be i(-6). Let v = 18 + f. Let c = -5 + v. Calculate the remainder when 3 is divided by c.
0
Let o = 48 - 38. Suppose -o*s - 13 = -11*s. Calculate the remainder when 37 is divided by s.
11
Let o(w) = -2*w**2 - 12*w + 6. Let t = -11 - -5. What is the remainder when o(t) is divided by 4?
2
Suppose -2*b = -12*b + 40. Suppose -5*k + b*g = -45, 5*k - 2*g = k + 42. Let o = 75 - 53. Calculate the remainder when o is divided by k.
9
Calculate the remainder when 149 is divided by ((-15)/9)/((-120)/576).
5
Suppose -k + 32 = 15. What is the remainder when 24 is divided by k?
7
Let z(r) = -r**2 - r - 1. Let n(p) = -p**3 - 13*p**2 - 8*p + 11. Let f(u) = -n(u) + 4*z(u). What is the remainder when 184 is divided by f(-8)?
14
Calculate the remainder when 126 is divided by (-1)/10 + 10/((-1300)/(-403)).
0
Suppose -24*w + 27*w - 65 = 2*c, 2*c = 4. What is the remainder when 53 is divided by w?
7
Suppose 4*h + 2*l - 32 = 0, h + 3*l + 506 - 524 = 0. Let k = -12 - -25. Calculate the remainder when k is divided by h.
1
Let x(i) = i + 16. Let a be x(-13). Suppose a*b = 14 + 1, -b = -4*k + 7. What is the remainder when 4 is divided by k?
1
Let g be 8 - (-4)/(-1 - -3). Let l = 27 - g. Calculate the remainder when l is divided by 3.
2
Let l(z) = z**2 - 75. What is the remainder when l(11) is divided by 3?
1
Suppose -5*x = -2*l - 63, 0 + 2 = 2*l. Calculate the remainder when 63 is divided by x.
11
Let q(o) = 10*o - 20. Let k be q(3). Suppose 4*d - y - 13 = 3, 2*d + 4*y = 26. Let g = d + k. What is the remainder when g is divided by 10?
5
Calculate the remainder when 53 is divided by -5 - -6 - (-14)/2.
5
Suppose -5 = -2*s - 5*a, 0 = -4*s - a + 3*a - 2. Let w(d) = -3*d**3 + 5*d**3 - 9 - d**3 + 20 + d. Calculate the remainder when w(s) is divided by 7.
4
Let n(g) = g**2 + g + 1. Let o(y) = -y**3 + 4*y**2 + 2*y + 23. Let d(q) = -3*n(q) + o(q). What is the remainder when 53 is divided by d(0)?
13
Let x = -4 - -7. Suppose -3*n + 19 = 4*t - 29, x*t - n = 36. Calculate the remainder when 35 is divided by t/((8 + -4)/4).
11
Suppose 100 = -8*k + 13*k. Let a(r) = r**2 - 4*r - 26. What is the remainder when k is divided by a(8)?
2
Let s(g) = 59*g**2 + 3*g - 2. What is the remainder when 322 is divided by s(-1)?
52
Let z = 908 + -866. Suppose -5*p + 3*h + 122 = 0, -3*p + 70 = 5*h + 24. Calculate the remainder when z is divided by p.
20
Let t = 25 + -19. Suppose -2*u = u - t. Suppose -2*s + 6*s = 3*d - 7, 5*d + s = 50. What is the remainder when d is divided by u?
1
Let q(t) = -4*t - 148. Calculate the remainder when 22 is divided by q(-39).
6
Let n(i) = -2*i**3 - 5*i**2 - 10*i - 35. What is the remainder when 187 is divided by n(-4)?
28
Suppose -15*p + 12*p + 2*b = -101, 0 = 2*p + 3*b - 76. What is the remainder when 522 is divided by p?
32
Suppose 3*z - 206 = -4*r, -z - 47 = -2*z + 3*r. What is the remainder when z is divided by 17?
11
Let x(j) = 4 - 6 + 4 + 8*j**2 + 2*j - 1. Calculate the remainder when x(-3) is divided by 17.
16
Let k(d) = -d - 1. Let o be k(2). Let n be (-11)/(-3) - 1/o. Suppose 2*a = n*a - 16. Calculate the remainder when 13 is divided by a.
5
Let x be ((-56)/(-6))/(-6 - 160/(-24)). Suppose 4*d + 620 = x*d. Calculate the remainder when d is divided by 18.
8
Let d(o) = -6*o - 4. Suppose -4*k = -2*u - 52, 0 = -3*k + 2*k - 3*u + 20. Calculate the remainder when d(-7) is divided by k.
10
Suppose -4*i = -5*m + i + 30, 2*m + 3*i + 3 = 0. Suppose 3*y = z - 0*z - 1, -2*z = -m*y + 1. Let h = y + 10. Calculate the remainder when h is divided by 2.
1
Let u(a) = -a**3 - 30*a**2 - 31*a - 41. What is the remainder when 19 is divided by u(-29)?
2
Suppose i - 434 = -3*l, -3*l = -0*l + 4*i - 440. Suppose -5*m = -13*m + l. What is the remainder when m is divided